{"id":912,"date":"2015-10-12T11:54:59","date_gmt":"2015-10-12T11:54:59","guid":{"rendered":"http:\/\/www.laphotodanslecadre.fr\/wordpress\/?page_id=912"},"modified":"2019-01-24T11:10:44","modified_gmt":"2019-01-24T11:10:44","slug":"plan","status":"publish","type":"page","link":"https:\/\/www.laphotodanslecadre.fr\/wordpress\/plan\/","title":{"rendered":"Plan"},"content":{"rendered":"<p>Notre local \u00e0 Pernes les fontaines (84210) est situ\u00e9 \u00e0 l&rsquo;ancienne \u00e9cole maternelle Louis Giraud. Rue neuve. Salle Marius.<a href=\"http:\/\/www.laphotodanslecadre.fr\/wordpress\/wp-content\/uploads\/2019\/01\/plan-local-pernes-pi\u00e9ton-.jpg\"><img fetchpriority=\"high\" decoding=\"async\" class=\"aligncenter size-full wp-image-1280\" src=\"http:\/\/www.laphotodanslecadre.fr\/wordpress\/wp-content\/uploads\/2019\/01\/plan-local-pernes-pi\u00e9ton-.jpg\" alt=\"\" width=\"1250\" height=\"907\" srcset=\"https:\/\/www.laphotodanslecadre.fr\/wordpress\/wp-content\/uploads\/2019\/01\/plan-local-pernes-pi\u00e9ton-.jpg 1250w, https:\/\/www.laphotodanslecadre.fr\/wordpress\/wp-content\/uploads\/2019\/01\/plan-local-pernes-pi\u00e9ton--300x218.jpg 300w, https:\/\/www.laphotodanslecadre.fr\/wordpress\/wp-content\/uploads\/2019\/01\/plan-local-pernes-pi\u00e9ton--768x557.jpg 768w, https:\/\/www.laphotodanslecadre.fr\/wordpress\/wp-content\/uploads\/2019\/01\/plan-local-pernes-pi\u00e9ton--1024x743.jpg 1024w\" sizes=\"(max-width: 1250px) 100vw, 1250px\" \/><\/a><\/p>\n","protected":false},"excerpt":{"rendered":"<p>Notre local \u00e0 Pernes les fontaines (84210) est situ\u00e9 \u00e0 l&rsquo;ancienne \u00e9cole maternelle Louis Giraud. Rue neuve. Salle Marius.<\/p>\n","protected":false},"author":1,"featured_media":0,"parent":0,"menu_order":6,"comment_status":"closed","ping_status":"open","template":"","meta":{"ngg_post_thumbnail":0,"footnotes":""},"class_list":["post-912","page","type-page","status-publish","hentry"],"_links":{"self":[{"href":"https:\/\/www.laphotodanslecadre.fr\/wordpress\/wp-json\/wp\/v2\/pages\/912","targetHints":{"allow":["GET"]}}],"collection":[{"href":"https:\/\/www.laphotodanslecadre.fr\/wordpress\/wp-json\/wp\/v2\/pages"}],"about":[{"href":"https:\/\/www.laphotodanslecadre.fr\/wordpress\/wp-json\/wp\/v2\/types\/page"}],"author":[{"embeddable":true,"href":"https:\/\/www.laphotodanslecadre.fr\/wordpress\/wp-json\/wp\/v2\/users\/1"}],"replies":[{"embeddable":true,"href":"https:\/\/www.laphotodanslecadre.fr\/wordpress\/wp-json\/wp\/v2\/comments?post=912"}],"version-history":[{"count":7,"href":"https:\/\/www.laphotodanslecadre.fr\/wordpress\/wp-json\/wp\/v2\/pages\/912\/revisions"}],"predecessor-version":[{"id":1281,"href":"https:\/\/www.laphotodanslecadre.fr\/wordpress\/wp-json\/wp\/v2\/pages\/912\/revisions\/1281"}],"wp:attachment":[{"href":"https:\/\/www.laphotodanslecadre.fr\/wordpress\/wp-json\/wp\/v2\/media?parent=912"}],"curies":[{"name":"wp","href":"https:\/\/api.w.org\/{rel}","templated":true}]}}