{"id":742,"date":"2015-04-03T19:37:15","date_gmt":"2015-04-03T19:37:15","guid":{"rendered":"http:\/\/www.laphotodanslecadre.fr\/wordpress\/?page_id=742"},"modified":"2015-04-03T20:39:38","modified_gmt":"2015-04-03T20:39:38","slug":"2008-2","status":"publish","type":"page","link":"https:\/\/www.laphotodanslecadre.fr\/wordpress\/pernes-les-photos\/2008-2\/","title":{"rendered":"2008"},"content":{"rendered":"<p><em><strong>5 et 6 juillet 2008 \u2013 Pernes les Fontaines (84 \u2013 Vaucluse)<\/strong><\/em><\/p>\n<p style=\"text-align: center;\"><em>MES \u00abWILLY RONIS \u00bb<br \/>\nla collection priv\u00e9e de Pierre-Jean AMAR<\/em><\/p>\n<pre>Apr\u00e8s avoir \u00e9t\u00e9 notre invit\u00e9 d'honneur en 2005, Pierre-Jean Amar revient pour nous pr\u00e9senter ses \u00ab Willy Ronis \u00bb, collection personnelle constitu\u00e9e au cours de 35 ans de relations amicales mais aussi de travail avec le grand photographe humaniste.<\/pre>\n<p><img decoding=\"async\" class=\"ngg-singlepic ngg-left aligncenter\" src=\"http:\/\/www.laphotodanslecadre.fr\/wordpress\/wp-content\/gallery\/programmes\/2008.jpg\" alt=\"2008.jpg\" \/><\/p>\n<p>&nbsp;<\/p>\n","protected":false},"excerpt":{"rendered":"<p>5 et 6 juillet 2008 \u2013 Pernes les Fontaines (84 \u2013 Vaucluse) MES \u00abWILLY RONIS \u00bb la collection priv\u00e9e de Pierre-Jean AMAR Apr\u00e8s avoir \u00e9t\u00e9 notre invit\u00e9 d&rsquo;honneur en 2005, Pierre-Jean Amar revient pour nous pr\u00e9senter ses \u00ab Willy Ronis \u00bb, collection personnelle constitu\u00e9e au cours de 35 ans de relations amicales mais aussi de &hellip; <a href=\"https:\/\/www.laphotodanslecadre.fr\/wordpress\/pernes-les-photos\/2008-2\/\" class=\"more-link\">Continuer la lecture de <span class=\"screen-reader-text\">2008<\/span>  <span class=\"meta-nav\">&rarr;<\/span><\/a><\/p>\n","protected":false},"author":1,"featured_media":0,"parent":714,"menu_order":0,"comment_status":"closed","ping_status":"open","template":"","meta":{"ngg_post_thumbnail":0,"footnotes":""},"class_list":["post-742","page","type-page","status-publish","hentry"],"_links":{"self":[{"href":"https:\/\/www.laphotodanslecadre.fr\/wordpress\/wp-json\/wp\/v2\/pages\/742","targetHints":{"allow":["GET"]}}],"collection":[{"href":"https:\/\/www.laphotodanslecadre.fr\/wordpress\/wp-json\/wp\/v2\/pages"}],"about":[{"href":"https:\/\/www.laphotodanslecadre.fr\/wordpress\/wp-json\/wp\/v2\/types\/page"}],"author":[{"embeddable":true,"href":"https:\/\/www.laphotodanslecadre.fr\/wordpress\/wp-json\/wp\/v2\/users\/1"}],"replies":[{"embeddable":true,"href":"https:\/\/www.laphotodanslecadre.fr\/wordpress\/wp-json\/wp\/v2\/comments?post=742"}],"version-history":[{"count":3,"href":"https:\/\/www.laphotodanslecadre.fr\/wordpress\/wp-json\/wp\/v2\/pages\/742\/revisions"}],"predecessor-version":[{"id":782,"href":"https:\/\/www.laphotodanslecadre.fr\/wordpress\/wp-json\/wp\/v2\/pages\/742\/revisions\/782"}],"up":[{"embeddable":true,"href":"https:\/\/www.laphotodanslecadre.fr\/wordpress\/wp-json\/wp\/v2\/pages\/714"}],"wp:attachment":[{"href":"https:\/\/www.laphotodanslecadre.fr\/wordpress\/wp-json\/wp\/v2\/media?parent=742"}],"curies":[{"name":"wp","href":"https:\/\/api.w.org\/{rel}","templated":true}]}}

<p><em><strong>5 et 6 juillet 2008 – Pernes les Fontaines (84 – Vaucluse)</strong></em></p>
<p style="text-align: center;"><em>MES «WILLY RONIS »<br />
la collection privée de Pierre-Jean AMAR</em></p>
<pre>Après avoir été notre invité d'honneur en 2005, Pierre-Jean Amar revient pour nous présenter ses « Willy Ronis », collection personnelle constituée au cours de 35 ans de relations amicales mais aussi de travail avec le grand photographe humaniste.</pre>
<p><img decoding="async" class="ngg-singlepic ngg-left aligncenter" src="http://www.laphotodanslecadre.fr/wordpress/wp-content/gallery/programmes/2008.jpg" alt="2008.jpg" /></p>
<p>&nbsp;</p>

<p>5 et 6 juillet 2008 – Pernes les Fontaines (84 – Vaucluse) MES «WILLY RONIS » la collection privée de Pierre-Jean AMAR Après avoir été notre invité d&rsquo;honneur en 2005, Pierre-Jean Amar revient pour nous présenter ses « Willy Ronis », collection personnelle constituée au cours de 35 ans de relations amicales mais aussi de &hellip; <a href="https://www.laphotodanslecadre.fr/wordpress/pernes-les-photos/2008-2/" class="more-link">Continuer la lecture de <span class="screen-reader-text">2008</span>  <span class="meta-nav">&rarr;</span></a></p>
