{"id":720,"date":"2015-04-03T19:27:45","date_gmt":"2015-04-03T19:27:45","guid":{"rendered":"http:\/\/www.laphotodanslecadre.fr\/wordpress\/?page_id=720"},"modified":"2015-04-03T21:17:24","modified_gmt":"2015-04-03T21:17:24","slug":"2001-2","status":"publish","type":"page","link":"https:\/\/www.laphotodanslecadre.fr\/wordpress\/pernes-les-photos\/2001-2\/","title":{"rendered":"2001"},"content":{"rendered":"<p><em><strong>Juillet 2001 \u2013 Pernes les Fontaines (84 \u2013 Vaucluse)<\/strong><\/em><\/p>\n<p style=\"text-align: center;\">Les enfants vus par Pierre Verger<\/p>\n<pre style=\"text-align: center;\">Un photographe humaniste : Pierre Verger (1902-1996)\r\n<\/pre>\n<pre>A 30 ans, Pierre Verger commence \u00e0 voyager \u00e0 travers la France, avec Pierre Boucher qui lui enseigne la photographie. Il encha\u00eene\r\navec des voyages plus lointains mais ressent rapidement le besoin d'approfondir sa connaissance des cultures qu'il rencontre. L'\u00eatre\r\nhumain dans sa diversit\u00e9 l'inspire comme photographe, mais aussi comme \u00eatre sensible. Il est introduit dans le vivier intellectuel qui anime alors le Mus\u00e9e d'Ethnographie du Trocad\u00e9ro \u00e0 Paris : Rivet, Rivi\u00e8re, Griaule, Bataille, Leiris, M\u00e9traux. Il commence \u00e0 vivre de la photographie et fr\u00e9quente la \"bande \u00e0 Pr\u00e9vert\". Il fait la connaissance de Th\u00e9odore Monod, avec qui il se lie d'amiti\u00e9.\r\nPendant plusieurs ann\u00e9es, il parcourt le monde et d\u00e9couvre le Br\u00e9sil, notamment Salvador da Bahia, qui devient son port d'attache. Il\r\ncommence un travail photographique et ethnographique colossal. Il cherche et met \u00e0 jour l'histoire des cultures afro-br\u00e9siliennes. Il tisse des fils distendus, recr\u00e9e des contacts et une histoire commune par del\u00e0 les ruptures et les al\u00e9as d'un pass\u00e9 meurtri.\r\nSes clich\u00e9s, empreints d'une attention  bienveillante, racontent une histoire simple et cruelle qui a franchi l'oc\u00e9an et les si\u00e8cles.\r\nEthnographe, sans doute. Photographe, assur\u00e9ment ; et de talent. Pierre Verger est avant tout un homme profond\u00e9ment \u00e9pris de ses semblables et respectueux de chacun. Son oeuvre est essentielle\r\npour l'ethnologie africaine et afro-am\u00e9ricaine. Une oeuvre - et ce n'est pas si fr\u00e9quent - \u00e9crite avec un appareil photo.\r\nIl meurt \u00e0 Salvador da Bahia en 1996. Il l\u00e8gue 76 000 clich\u00e9s \u00e0 sa fondation. En 2000, Alex et Anne Baradel, deux jeunes pernois, partent au Br\u00e9sil et commencent un travail titanesque : inventorier, classer, r\u00e9pertorier avec les techniques les plus modernes toute l'oeuvre de Pierre Verger, afin de la mettre \u00e0 la disposition du plus large public international.\r\nC'est ce qui nous vaut le privil\u00e8ge de voir aujourd'hui \u00e0 Pernes-les-Fontaines une partie, si infime soit-elle, de l'oeuvre de Pierre Verger.\r\n<\/pre>\n<p><img decoding=\"async\" class=\"ngg-singlepic ngg-center\" src=\"http:\/\/www.laphotodanslecadre.fr\/wordpress\/wp-content\/gallery\/programmes\/2001.jpg\" alt=\"2001.jpg\" \/><\/p>\n","protected":false},"excerpt":{"rendered":"<p>Juillet 2001 \u2013 Pernes les Fontaines (84 \u2013 Vaucluse) Les enfants vus par Pierre Verger Un photographe humaniste : Pierre Verger (1902-1996) A 30 ans, Pierre Verger commence \u00e0 voyager \u00e0 travers la France, avec Pierre Boucher qui lui enseigne la photographie. Il encha\u00eene avec des voyages plus lointains mais ressent rapidement le besoin d&rsquo;approfondir &hellip; <a href=\"https:\/\/www.laphotodanslecadre.fr\/wordpress\/pernes-les-photos\/2001-2\/\" class=\"more-link\">Continuer la lecture de <span class=\"screen-reader-text\">2001<\/span>  <span class=\"meta-nav\">&rarr;<\/span><\/a><\/p>\n","protected":false},"author":1,"featured_media":0,"parent":714,"menu_order":0,"comment_status":"closed","ping_status":"closed","template":"","meta":{"ngg_post_thumbnail":0,"footnotes":""},"class_list":["post-720","page","type-page","status-publish","hentry"],"_links":{"self":[{"href":"https:\/\/www.laphotodanslecadre.fr\/wordpress\/wp-json\/wp\/v2\/pages\/720","targetHints":{"allow":["GET"]}}],"collection":[{"href":"https:\/\/www.laphotodanslecadre.fr\/wordpress\/wp-json\/wp\/v2\/pages"}],"about":[{"href":"https:\/\/www.laphotodanslecadre.fr\/wordpress\/wp-json\/wp\/v2\/types\/page"}],"author":[{"embeddable":true,"href":"https:\/\/www.laphotodanslecadre.fr\/wordpress\/wp-json\/wp\/v2\/users\/1"}],"replies":[{"embeddable":true,"href":"https:\/\/www.laphotodanslecadre.fr\/wordpress\/wp-json\/wp\/v2\/comments?post=720"}],"version-history":[{"count":4,"href":"https:\/\/www.laphotodanslecadre.fr\/wordpress\/wp-json\/wp\/v2\/pages\/720\/revisions"}],"predecessor-version":[{"id":800,"href":"https:\/\/www.laphotodanslecadre.fr\/wordpress\/wp-json\/wp\/v2\/pages\/720\/revisions\/800"}],"up":[{"embeddable":true,"href":"https:\/\/www.laphotodanslecadre.fr\/wordpress\/wp-json\/wp\/v2\/pages\/714"}],"wp:attachment":[{"href":"https:\/\/www.laphotodanslecadre.fr\/wordpress\/wp-json\/wp\/v2\/media?parent=720"}],"curies":[{"name":"wp","href":"https:\/\/api.w.org\/{rel}","templated":true}]}}

<p><em><strong>Juillet 2001 – Pernes les Fontaines (84 – Vaucluse)</strong></em></p>
<p style="text-align: center;">Les enfants vus par Pierre Verger</p>
<pre style="text-align: center;">Un photographe humaniste : Pierre Verger (1902-1996)
</pre>
<pre>A 30 ans, Pierre Verger commence à voyager à travers la France, avec Pierre Boucher qui lui enseigne la photographie. Il enchaîne
avec des voyages plus lointains mais ressent rapidement le besoin d'approfondir sa connaissance des cultures qu'il rencontre. L'être
humain dans sa diversité l'inspire comme photographe, mais aussi comme être sensible. Il est introduit dans le vivier intellectuel qui anime alors le Musée d'Ethnographie du Trocadéro à Paris : Rivet, Rivière, Griaule, Bataille, Leiris, Métraux. Il commence à vivre de la photographie et fréquente la "bande à Prévert". Il fait la connaissance de Théodore Monod, avec qui il se lie d'amitié.
Pendant plusieurs années, il parcourt le monde et découvre le Brésil, notamment Salvador da Bahia, qui devient son port d'attache. Il
commence un travail photographique et ethnographique colossal. Il cherche et met à jour l'histoire des cultures afro-brésiliennes. Il tisse des fils distendus, recrée des contacts et une histoire commune par delà les ruptures et les aléas d'un passé meurtri.
Ses clichés, empreints d'une attention  bienveillante, racontent une histoire simple et cruelle qui a franchi l'océan et les siècles.
Ethnographe, sans doute. Photographe, assurément ; et de talent. Pierre Verger est avant tout un homme profondément épris de ses semblables et respectueux de chacun. Son oeuvre est essentielle
pour l'ethnologie africaine et afro-américaine. Une oeuvre - et ce n'est pas si fréquent - écrite avec un appareil photo.
Il meurt à Salvador da Bahia en 1996. Il lègue 76 000 clichés à sa fondation. En 2000, Alex et Anne Baradel, deux jeunes pernois, partent au Brésil et commencent un travail titanesque : inventorier, classer, répertorier avec les techniques les plus modernes toute l'oeuvre de Pierre Verger, afin de la mettre à la disposition du plus large public international.
C'est ce qui nous vaut le privilège de voir aujourd'hui à Pernes-les-Fontaines une partie, si infime soit-elle, de l'oeuvre de Pierre Verger.
</pre>
<p><img decoding="async" class="ngg-singlepic ngg-center" src="http://www.laphotodanslecadre.fr/wordpress/wp-content/gallery/programmes/2001.jpg" alt="2001.jpg" /></p>

<p>Juillet 2001 – Pernes les Fontaines (84 – Vaucluse) Les enfants vus par Pierre Verger Un photographe humaniste : Pierre Verger (1902-1996) A 30 ans, Pierre Verger commence à voyager à travers la France, avec Pierre Boucher qui lui enseigne la photographie. Il enchaîne avec des voyages plus lointains mais ressent rapidement le besoin d&rsquo;approfondir &hellip; <a href="https://www.laphotodanslecadre.fr/wordpress/pernes-les-photos/2001-2/" class="more-link">Continuer la lecture de <span class="screen-reader-text">2001</span>  <span class="meta-nav">&rarr;</span></a></p>
